-5*r + 2*u + 3 = -1. Suppose 2*q + 2*k + 37 = -113, -3*q - 222 = r*k. Calculate the remainder when 23 is divided by q/20*(-10)/3.
11
Suppose -8 = -a - 0. Let j(v) = 22*v**2 - 1. What is the remainder when j(-1) is divided by a?
5
Let k(l) = l**3 - 3*l**2 - 6*l + 2. Let j be k(4). Let y be (-22)/j - (-6)/(-9). Suppose 2*a - 7 = y. What is the remainder when 8 is divided by a?
3
Let s be ((-132)/(-10))/(6/20). Let n = 105 - s. What is the remainder when n is divided by 16?
13
Suppose 2*p - 7 - 25 = 0. What is the remainder when 60 is divided by p?
12
Let c(a) = a**3 + 6*a**2 - 17*a + 4. What is the remainder when (-455)/(-20) - (-1)/4 is divided by c(-8)?
11
Suppose 0 = 2*n + n - 123. Calculate the remainder when n is divided by 14.
13
Suppose -2*s + 4*u + 14 = 0, -s = 2*s + 5*u - 32. Suppose 0 = -4*x - 7 - 9. Calculate the remainder when 11 is divided by (x/(-3))/(3/s).
3
Let f = 1 - -1. Let d = -1 - -9. Suppose 16 = f*z - d. Calculate the remainder when 22 is divided by z.
10
Let f = -22 - -41. Suppose 6*s - 15 = s. Suppose -s + 13 = g. Calculate the remainder when f is divided by g.
9
Let z = 4 - 4. Let s = 2 + z. Calculate the remainder when 8 is divided by s/4 + (-27)/(-6).
3
Suppose 2*a - 63 = -3. Calculate the remainder when a is divided by 18.
12
Suppose 0 = 5*j - g - 60, -11 + 4 = -2*j - 3*g. Calculate the remainder when 21 is divided by j.
10
Let g(w) = -2*w**3 - 3*w**2 + w + 8. What is the remainder when 38 is divided by g(-2)?
8
Suppose -a = -2*a. Let y = 3 + a. What is the remainder when y is divided by 3?
0
Let j = -133 + 150. Calculate the remainder when 82 is divided by j.
14
Suppose 0 = 4*h + 52 + 20. What is the remainder when (h/(-27))/((-4)/(-78)) is divided by 3?
1
What is the remainder when 1/(-18)*-482 - (-2)/9 is divided by 15?
12
Let g(o) = -o**3 + 12*o**2 + 5*o - 9. Let c(s) = -s**3 + 11*s**2 + 5*s - 8. Let i(q) = -7*c(q) + 6*g(q). What is the remainder when i(6) is divided by 3?
2
Let r(m) = m**3 + 5*m**2 + 2*m + 3. What is the remainder when 53 is divided by r(-4)?
9
Let s(a) = -a**2 + 4. Suppose 14 = 5*x - 3*x. Calculate the remainder when x is divided by s(0).
3
Let s(t) = -2*t - 7. Calculate the remainder when 49 is divided by s(-12).
15
Suppose 143 + 242 = -5*z. Let o = z + 18. Let w = o + 85. What is the remainder when w is divided by 9?
8
Suppose 5*p - 112 = -h, p = -4*p - 5*h + 120. Let v = 3 - 1. Suppose -v*k + 169 = 39. Calculate the remainder when k is divided by p.
21
Let z(a) = a**2 + 7*a + 11. Let u be z(-12). Suppose -r = 2*i - u, 4*i - 4*r - 25 = 87. Calculate the remainder when i is divided by 18.
15
Suppose -3 - 29 = -2*f - 2*x, 0 = 3*f + 4*x - 48. What is the remainder when 28 is divided by f?
12
Let t = -45 - -51. What is the remainder when 100 is divided by t?
4
Suppose -48 = 3*t + t. Calculate the remainder when 27 is divided by (-86)/t - (-2)/(-12).
6
Suppose 3*c - 7 = 44. Suppose 5*b = 5*q - 0*b - 130, 3*q + 5*b - 118 = 0. What is the remainder when q is divided by c?
14
Let b be (6*-1)/((-9)/6). Suppose -3*d - 16 = -x + 8, 4*d = -x - b. Calculate the remainder when 22 is divided by x.
10
Let k(o) = -3*o - 3. What is the remainder when k(-7) is divided by 10?
8
Calculate the remainder when (-1 - (-4)/(-5))*-10 is divided by 5.
3
Let s = -9 + 19. Let l(y) = -3*y**2 + 3*y - 6. Let k(i) = 4*i**2 - 3*i + 5. Let b(p) = 4*k(p) + 5*l(p). Calculate the remainder when b(-7) is divided by s.
8
Suppose 3*l + n - 17 = 0, 2*n - 4*n + 13 = 3*l. Suppose 5*a + t - l = 0, 2*a + 0*t - t = 0. What is the remainder when 20 is divided by (-1 - -9 - 1)/a?
6
Let d(p) = -2*p + 1. Let q be d(-2). Let h(b) = 3*b + 7. What is the remainder when h(q) is divided by (-1 - (-1)/3)*-18?
10
Suppose -2*g - 2*l = -7*g + 114, 3*l + 28 = g. Let a = -32 + 96. What is the remainder when a is divided by g?
20
Calculate the remainder when 29 is divided by 39/4 + (-1)/(-4).
9
Suppose 7 = r + 5*c - 52, 5*r + 4*c - 211 = 0. What is the remainder when r is divided by 10?
9
Suppose -c - 2 = 2*n - 0, 3*c + 6 = -n. Suppose 0*d - 2*d + 16 = n. Calculate the remainder when d is divided by 5.
3
Let v = -12 + 27. Calculate the remainder when 43 is divided by v.
13
Suppose -2*u = 3*s - 52, 3*u - 6 + 0 = 0. Calculate the remainder when (18/(-21))/((-2)/70) is divided by s.
14
Suppose 0 = 3*s + 2*s - 705. Calculate the remainder when s is divided by 18.
15
Suppose -i - 2*i - 33 = 0. Suppose -3*z = -57 - 33. Let u = i + z. What is the remainder when u is divided by 10?
9
Suppose 0 = -5*f - 20, -5*v + 7*v + 2*f - 46 = 0. Calculate the remainder when v is divided by 22/3 + 3/(-9).
6
Suppose 3*k + 6 = 4*u, -u - 3*k = -4*k - 1. Suppose 0 = 2*m - 39 + 1. What is the remainder when m is divided by u*9/((-108)/(-40))?
9
Let t(o) = -o**3 - 2*o**2 - 4*o - 1. What is the remainder when 77 is divided by t(-3)?
17
Let v = -1 + -8. What is the remainder when (-14)/3*v/2 is divided by 6?
3
Suppose 234 = 16*s - 7*s. Calculate the remainder when 205 is divided by s.
23
Let f = 26 - 7. Calculate the remainder when f is divided by 5.
4
Suppose 2*q = -10, 4*u - 4*q + 9*q = 211. Let w(r) = -5*r - 5. Calculate the remainder when u is divided by w(-5).
19
Let t = -36 + 86. Calculate the remainder when t is divided by 13.
11
Suppose 0 = -b + 5*b - 24. Suppose 4 = b*x - 2. What is the remainder when 4 is divided by x?
0
Let b(d) be the third derivative of -d**4/6 + 2*d**3/3 + d**2. Let s be b(-3). Calculate the remainder when 39 is divided by (-8)/(s/10 - 2).
19
What is the remainder when 48 is divided by (51/(-6))/(2/(-4))?
14
Suppose -25 = -10*q + 365. Calculate the remainder when q is divided by 6.
3
Suppose 0*j + j - 16 = 0. Let g = 22 - j. Suppose p + g = 2*f, -f + p - 6 = -5*f. Calculate the remainder when 3 is divided by f.
1
Suppose w - 19 = -2. What is the remainder when 47 is divided by w?
13
Let s(a) = a + 9. Let x(d) = -5*d. Calculate the remainder when x(-5) is divided by s(0).
7
Suppose 2*a - 23 = 7. Suppose 28 = -4*m + 11*m. Calculate the remainder when a is divided by m.
3
What is the remainder when 67 is divided by (-147)/(-28)*(-16)/(-6)?
11
Suppose -4*u = -5*a + 51, -2*a - 1 - 1 = 0. Let m = -8 - u. What is the remainder when 11 is divided by m?
5
Suppose 5*y - 5*z - 15 = 0, 2*y + 0*z = -5*z + 20. Let d = y - 0. What is the remainder when 12 is divided by d?
2
Let a = -134 + 137. Suppose 6*s - 25 = s. What is the remainder when s is divided by a?
2
Suppose -9*t = -8*t - 15. Calculate the remainder when t is divided by 10.
5
Let l(g) = 32*g - 1. Calculate the remainder when (-14)/3*429/(-22) is divided by l(1).
29
Calculate the remainder when 8 is divided by -4 - (-11 + (3 - 1)).
3
Let t(a) = a**2 + 3. Let h be t(0). Suppose -s - h + 23 = 0. Calculate the remainder when (10/(-25))/(2/(-290)) is divided by s.
18
Let i = -11 - -31. Let b = i - 8. What is the remainder when 33 is divided by b?
9
Let k be 2 + -9*(-4)/(-6). What is the remainder when 29 is divided by -6*(30/k)/3?
14
Suppose -n + 30 = p, -2*n + 0*n = p - 32. Suppose -v = 4*r + 5, 0 = 3*v - 6*v + 5*r + 70. What is the remainder when p is divided by v?
13
Let o = 30 - 26. Calculate the remainder when 18 is divided by o.
2
Suppose 0 = -4*n - 3*j + 17, -3 = 4*j + 1. Let g(q) = 3*q - 5. What is the remainder when g(n) is divided by 4?
2
Suppose 2 = -3*f + 41. What is the remainder when 51 is divided by f?
12
Calculate the remainder when 16 is divided by (3 + -23)*5/(-10).
6
Suppose -2*n - 5 = 1. Let g(b) = b**3 + 3*b**2 + b - 1. Let j be g(n). What is the remainder when 4 is divided by (-10)/j + 2/4?
1
Let o = 139 + -129. What is the remainder when 48 is divided by o?
8
Let z = -5 + 3. Let l = z + 9. Suppose 1 + l = 4*p. Calculate the remainder when 6 is divided by p.
0
Let h = 45 + -40. Suppose -3*v - 5*y = -48 + 1, 4*v - 32 = y. What is the remainder when v is divided by h?
4
Let l = -7 - -11. Suppose -l*q + 68 = -20. Calculate the remainder when q is divided by 8.
6
Suppose 0 = -5*u + 2*v + 33, 2*u - 4*u - 3*v = 2. Suppose x - 3 = 0, 150 = 5*c + u*x + 10. Calculate the remainder when 73 is divided by c.
23
Let n = 55 + -17. Let l = n - 26. What is the remainder when 35 is divided by l?
11
Let w be (-1)/(-3) + 246/18. Let d = 48 - w. Suppose -4*p = -d - 130. What is the remainder when p is div